{"id":45,"date":"2015-12-27T21:19:48","date_gmt":"2015-12-27T20:19:48","guid":{"rendered":"http:\/\/biovitamed.localhost\/?page_id=45"},"modified":"2022-08-26T08:59:06","modified_gmt":"2022-08-26T06:59:06","slug":"strona-glowna","status":"publish","type":"page","link":"https:\/\/biovitamed.pl\/klub\/","title":{"rendered":"Klub Zdrowej Mamy i Dziecka"},"content":{"rendered":"<h4>Klub Zdrowej Mamy i Dziecka\u00a0<\/h4>\n<p>Dzi\u0119ki dobrej lokalizacji, blisko centrum miasta i \u0142atwemu dost\u0119powi dla os\u00f3b niepe\u0142nosprawnych jest miejscem integracji i promocji zdrowia w Tarnowie.<\/p>\n<p>Powsta\u0142 z inicjatywy fizjoterapeut\u00f3w, aby m.in. szerzy\u0107 \u015bwiadomo\u015b\u0107 rodzic\u00f3w oraz opiekun\u00f3w w zakresie prawid\u0142owego rozwoju dziecka, a tak\u017ce pomaga\u0107 kobietom po porodzie wr\u00f3ci\u0107 do pe\u0142nej sprawno\u015bci.<\/p>\n<p>W ramach dzia\u0142a\u0144 prowadzone s\u0105 bezp\u0142atne, cykliczne zaj\u0119cia dla dzieci oraz dla rodzic\u00f3w w formie grupowej jak i indywidualnej, m.in. z zakresu obszaru edukacji zdrowotnej, profilaktyki chor\u00f3b i aktywno\u015bci fizycznej sprzyjaj\u0105cej zdrowiu kobiety.<\/p>\n<p>Do klubu mog\u0105 nale\u017ce\u0107 osoby zamieszka\u0142e na terenie Tarnowa.<\/p>\n<h4>KLUB CZYNNY<\/h4>\n<ul>\n<li>PONIEDZIA\u0141EK \u2013 PI\u0104TEK 7:00 \u2013 19:00<\/li>\n<\/ul>\n<h4>ZAJ\u0118CIA &#8211; zgodnie z harmonogramem aktualizowanym na:<\/h4>\n<ul>\n<li><a href=\"https:\/\/www.facebook.com\/klubzdrowejmamyidziecka\/\" target=\"_blank\" rel=\"noopener noreferrer\">https:\/\/www.facebook.com\/klubzdrowejmamyidziecka\/<\/a><\/li>\n<\/ul>\n<h4>Centrum Aktywno\u015bci Rodzinnej<\/h4>\n<p>al. M.B. Fatimskiej 59 <br \/>33-100 Tarn\u00f3w<\/p>\n<p>Wi\u0119cej informacji oraz zapisy pod nr tel. 690 975\u00a0975<\/p>\n\n\n<p><\/p>\n","protected":false},"excerpt":{"rendered":"<p>Klub Zdrowej Mamy i Dziecka\u00a0 Dzi\u0119ki dobrej lokalizacji, blisko centrum miasta i \u0142atwemu dost\u0119powi dla os\u00f3b niepe\u0142nosprawnych jest miejscem integracji i promocji zdrowia w Tarnowie. Powsta\u0142 z inicjatywy fizjoterapeut\u00f3w, aby m.in. szerzy\u0107 \u015bwiadomo\u015b\u0107 rodzic\u00f3w oraz opiekun\u00f3w w zakresie prawid\u0142owego rozwoju dziecka, a tak\u017ce pomaga\u0107 kobietom po porodzie wr\u00f3ci\u0107 do pe\u0142nej sprawno\u015bci. W ramach dzia\u0142a\u0144 prowadzone [&hellip;]<\/p>\n","protected":false},"author":1,"featured_media":0,"parent":0,"menu_order":0,"comment_status":"closed","ping_status":"closed","template":"","meta":{"footnotes":""},"class_list":["post-45","page","type-page","status-publish","hentry"],"_links":{"self":[{"href":"https:\/\/biovitamed.pl\/klub\/wp-json\/wp\/v2\/pages\/45"}],"collection":[{"href":"https:\/\/biovitamed.pl\/klub\/wp-json\/wp\/v2\/pages"}],"about":[{"href":"https:\/\/biovitamed.pl\/klub\/wp-json\/wp\/v2\/types\/page"}],"author":[{"embeddable":true,"href":"https:\/\/biovitamed.pl\/klub\/wp-json\/wp\/v2\/users\/1"}],"replies":[{"embeddable":true,"href":"https:\/\/biovitamed.pl\/klub\/wp-json\/wp\/v2\/comments?post=45"}],"version-history":[{"count":3,"href":"https:\/\/biovitamed.pl\/klub\/wp-json\/wp\/v2\/pages\/45\/revisions"}],"predecessor-version":[{"id":1389,"href":"https:\/\/biovitamed.pl\/klub\/wp-json\/wp\/v2\/pages\/45\/revisions\/1389"}],"wp:attachment":[{"href":"https:\/\/biovitamed.pl\/klub\/wp-json\/wp\/v2\/media?parent=45"}],"curies":[{"name":"wp","href":"https:\/\/api.w.org\/{rel}","templated":true}]}}